) = -n**2 - 5*n - 5. Suppose 0 = 12*u - 8*u + 40. Let h be 3/1 - (-12 - u). Let b be (h/(-3) + 2)*-12. Give s(b).
-1
Let s(g) = g**2 + 1. Let a(w) = 4*w**2 + 6*w + 9. Let l(p) = a(p) - 5*s(p). Suppose -3*n - 8 = -5*b, n + 4 = 4*b - 8. Determine l(n).
12
Let u(g) be the third derivative of 0*g - 5/6*g**3 + 0*g**4 + 1/12*g**5 - 15*g**2 + 1/120*g**6 + 0. Calculate u(-5).
-5
Let v(z) = z**3 + 2*z**2 - z + 1. Suppose t - 3*i - 4 = 6, -2*t + 4*i = -16. Let m = 4 + -4. Suppose 0 = -m*n + t*n + 12. Calculate v(n).
-5
Let o be (-4)/5 - (95/(-25) + 0). Let x(y) = 2*y**2 - 7*y + 4. What is x(o)?
1
Suppose -4*y + 102 = 18. Let u(f) = y + 15 - 36 + f. Calculate u(2).
2
Let t(n) = -n**3 - n**2 - 2*n + 3. Suppose 44 = -9*d + 17. Calculate t(d).
27
Suppose 3*o + 5*x - 5 = 0, 0*x = o - x + 1. Suppose o = -2*m - 1 + 5. Let p(j) = 543*j - 272*j - 269*j - 3. Calculate p(m).
1
Let y(x) be the first derivative of -x**4/2 - 2*x**3/3 + x + 11. Let q be (-4 - -3)/((-1)/3). Suppose w = 4*w + q. Determine y(w).
1
Let q(o) be the second derivative of o**3/3 - o**2 - o. Let f = -47 - -63. Suppose -14 = g - f. Determine q(g).
2
Let i(p) = 4*p**3 + 60*p**2 + 13*p + 28. Let l(w) = -w**3 - 15*w**2 - 3*w - 7. Let j(v) = 2*i(v) + 9*l(v). Determine j(-15).
8
Let x(o) be the second derivative of 1/6*o**3 - 1/2*o**2 - 1/12*o**4 + 2*o - 1/20*o**5 + 0. Suppose 2805*i - 2818*i = -13. Give x(i).
-2
Let z(s) = -3*s**2 + 5*s. Let l(t) = 3*t**2 - 6*t + 2. Let k be l(2). Determine z(k).
-2
Let b(v) = -v**3 + 10*v**2 - 8*v - 4. Let c(t) = t**2. Let a be 8/(-14) + 8/14 + -1. Let x(l) = a*b(l) + c(l). Calculate x(8).
4
Let r(n) = -7*n**3 - 10*n**2 - 3. Let i(t) = -t**3 - t**2 - 1. Let d(o) = -6*i(o) + r(o). Let z be (-16)/6*1 + 13/(-39). Give d(z).
-6
Let p(v) = v**2 - 6*v - 4. Let a be p(7). Let o(q) = q - 8. Let c(k) = 1. Let n(r) = a*c(r) + o(r). Suppose -3*u = -0*u - 12. What is n(u)?
-1
Suppose -41*x + 77 = 446. Let m(y) = y**2 + 10*y + 3. What is m(x)?
-6
Let n(p) = 4*p**2 - 3*p + 2. Let g(x) = -x**2 - 13*x + 1. Let m(q) = -2*q**2 - 12*q. Let d(s) = -6*g(s) + 5*m(s). Let a be d(4). Give n(a).
12
Suppose 2*j + 7 = 5*n - 2*n, -5*j = 3*n - 35. Let i(l) = -3*l + 2. Let m(r) = -7. Let a(d) = 1. Let z(y) = -6*a(y) - m(y). Let v(o) = i(o) + 4*z(o). Give v(n).
-9
Let v be (-5)/(1*6/(-18)). Let k(u) = -u**3 + 11*u - u**2 - v*u + 0 + 5*u - 3. Give k(0).
-3
Suppose -m + 43 = 42. Let u(o) = -7*o**2 + o. Determine u(m).
-6
Let u be 112/24*(-6)/(-7). Let t(z) be the first derivative of 1/4*z**u - 2*z**2 - 5/3*z**3 - 5*z + 5. Calculate t(6).
7
Let s(j) = j**3 - 5*j**2 + j - 3. Let x(o) = -o**2 - 12*o - 23. Let b be x(-9). Calculate s(b).
-15
Let l(r) = -3*r - 1. Let h be l(-2). Suppose -2*p + 36 = h*t, 4*p + 24 + 16 = 4*t. Suppose 4*y = z + z + t, 2*z - 16 = -4*y. Let g(n) = -n - 1. What is g(y)?
-4
Let h(a) be the second derivative of -20*a - 1/20*a**5 - 2/3*a**4 + 1/6*a**3 + 7/2*a**2 + 0. Give h(-8).
-1
Suppose -4*c + 11 = 5*k - 3*c, 4 = k + 2*c. Let p be k - 24/((-8)/2). Let q(z) = -p*z + 13*z - 4*z. What is q(3)?
3
Let n(o) = -63*o**2 + 4*o + 5. Let r(k) = 2 - 3 + 139*k + 16*k**2 - 140*k. Let z(c) = 2*n(c) + 9*r(c). What is z(1)?
18
Let x(q) = q**2 - 8*q + 11. Let m be ((-12)/(-63)*7)/(1/3). Give x(m).
-5
Let y = 36 - 26. Suppose -y = 5*z + 3*p - 31, z + p - 3 = 0. Let w(x) = -x**3 + 7*x**2 - 3*x - 7. Give w(z).
11
Let m = 17 - 7. Let s be 12/m*(-35)/(-14). Let b(c) = 9 + 3 - s + 2*c. Determine b(-6).
-3
Let g(y) = 5*y - 13. Suppose -c = 11*c - 24. Let q be g(c). Let i(x) = -x**3 - 4*x**2 - 3*x + 4. What is i(q)?
4
Let p(f) be the first derivative of -13*f**2/2 + f + 19. What is p(3)?
-38
Let f(m) = 2*m - 511 + 1031 - 518. Calculate f(2).
6
Let t be (2/9)/((-8)/(-18)). Let h(l) be the third derivative of -1/60*l**5 + 0 - 5*l**2 - t*l**3 - 1/12*l**4 + 0*l. Give h(-4).
-11
Let v(u) be the first derivative of -u**4/4 + u**3 - u**2/2 - 105. Give v(2).
2
Let d = 1 - 4. Let x(g) be the third derivative of -1/120*g**6 - 1/3*g**3 + 0 + 1/24*g**4 + 0*g - 1/30*g**5 + 22*g**2. Calculate x(d).
4
Suppose -r = -5*j, 2*j + 8*r - 22 = 4*r. Let h(g) be the second derivative of 13*g**4/12 + g**3/3 - g**2/2 - 2*g. Determine h(j).
14
Let h(g) = -2 + 2 + 4 + 4*g. Suppose -1 = -2*n + w, n - 23 = -w - 3*w. Suppose 3*m = -i - 2*m - 23, 0 = -n*m - 12. Calculate h(i).
-8
Let g(s) = -s**3 - 11*s**2 - s - 4. Suppose -555*f + 165 = -570*f. Give g(f).
7
Let s(i) = 4*i**3 - 4*i + 3. Let h be s(1). Let f(g) be the first derivative of -6*g + 1/4*g**4 - 6 - 2*g**h + 0*g**2. Calculate f(6).
-6
Let i(t) = 7*t + 48. Let s(b) = 6*b - 30. Let a be s(4). Let z be i(a). Let v(m) = 3*m - 7. Determine v(z).
11
Let y(r) = -r + 8. Let u be y(5). Let v(m) = -4*m**2 - 3*m - u - 4*m**2 - m + 7*m**2. Give v(-5).
-8
Let u(y) = -33*y. Suppose 4*t - j = 13, 17*j - 28 = -4*t + 21*j. What is u(t)?
-66
Let a(u) be the second derivative of 7*u**3/3 - u**2/2 - 5*u + 6. Determine a(1).
13
Suppose -6*a = -a - 30. Let q be 6 + 3*(-10)/15. Suppose a = -q*s + 2. Let n(f) = f**2 + f + 1. Determine n(s).
1
Let s(q) = 6*q + 16. Let c(z) = z + 8. Let u(o) = -2*c(o) + s(o). Give u(2).
8
Suppose 35*y + 48 = 27*y. Let h(s) = s**2 + 4*s + 2. Determine h(y).
14
Suppose -z - 15 = -6*z. Suppose 21 = z*k - 5*l, 4*k + l - 5 = -0. Let j(w) = -4*w + 10*w**k + 4*w - w. What is j(1)?
9
Let o be 6/8*1*(6 + -2). Suppose -o*q + 8 = -q. Let r(h) = h - 1. Give r(q).
3
Let w(m) be the third derivative of m**5/60 + m**4/6 + 5*m**3/6 + 194*m**2. What is w(-2)?
1
Let d(n) = 6*n**2 + 0*n**2 - 4*n**2 + n**2 - 5*n**2. Determine d(2).
-8
Let k(y) = -9*y - 21*y + 1 + 21*y. Give k(-3).
28
Let d(b) be the first derivative of 3*b**2/2 - 2*b - 1. Suppose -13*r - 19 = -15*r - 5*h, -r + 3*h = 7. Calculate d(r).
4
Let u(i) be the third derivative of 1/12*i**4 + 0 + 0*i - 1/2*i**3 - 5*i**2. Calculate u(3).
3
Let y(d) = -5*d - 43. Let a be ((-39)/(-6))/((-1)/2) + 3. Let z be y(a). Let o(l) = -2*l. Give o(z).
-14
Suppose 3*h + 4 = 5*h + 4*m, -3*m - 8 = -4*h. Suppose -3*o + l - 5 = 2, -2*l = -h*o + 2. Let j(f) = -f + 0*f**3 - 2*f - 4 - 2*f + 3*f**2 + f**3. Give j(o).
0
Let h(s) = 3 + 0*s**2 - 3*s**2 - 6*s + 3*s - s**3 - 2*s**2. Calculate h(-5).
18
Let z(o) = o - 15. Let n(s) = -3*s**2 + 22*s - 15. Let q be n(6). Determine z(q).
-6
Let h(v) = 3*v - 9. Let t = 3 - -20. Let s(r) = 1 - t*r + 4 + 17*r + 1 + r**2. Let p be s(6). Determine h(p).
9
Let v(j) be the first derivative of j**5/60 - 3*j**4/8 + j**3/6 + 41*j**2/2 + 43. Let w(s) be the second derivative of v(s). Calculate w(5).
-19
Let i(z) = -z**2 - 3*z + 3. Suppose -2*h - 5*s + 2*s = -17, 5*h = 4*s - 15. Suppose -y + w - h + 0 = 0, -2*w - 1 = -y. Give i(y).
3
Let z(g) = g**3 - 10*g**2 + 2*g + 2. Let r(o) = -o**2 - o - 1. Suppose 0 = -4*v + 4 - 0. Let k(j) = v*z(j) - 2*r(j). Give k(7).
-17
Let p(o) = -o**3 - 4*o**2 - 2*o + 1. Suppose 2*i = -5*f - 14, -2*f + 7 = 5*i - 0*i. Suppose i*m - 11 = -38. Let t = m - -5. What is p(t)?
9
Let m(h) be the first derivative of h**2 - 9*h - 56. Suppose -4*x - 3 + 12 = -5*t, 2*t - 30 = -4*x. Determine m(x).
3
Suppose -2*r = 4*o + 36, 0*o - 18 = 3*o - 3*r. Let j(w) = w**3 + 10*w**2 + 16*w - 2. Give j(o).
-2
Let v(u) = -u**3 - 3*u**2 + 2*u + 4. Suppose p - 12 = 4*g - 0, 4*g + 12 = -p. Determine v(g).
-2
Suppose 4*u - 39 = -3*y, 0 = 5*y - 0*u - u - 42. Let l(h) = -5*h + y - 2 + 0 + 1 - h**2. Determine l(-6).
2
Let m(s) = s**3 - 4*s**2 + 3*s - 6. Let p(i) = 4 - 11 + 4*i + 6 - 11. Let r be p(4). Determine m(r).
6
Let c(n) = -7*n**2 + n + 8. Let l(g) = 3*g**2 - g - 4. Let x(u) = 2*c(u) + 5*l(u). Let q be (-5 + 9 + -7)/(18/(-30)). Determine x(q).
6
Let z be (-12)/18*6*6/(-4). Suppose 5*f = 0, -3*m + z*m - 5*f = -6. Let d(c) = 5*c + 5. Let a(w) = 6*w + 6. Let q(r) = -3*a(r) + 4*d(r). Calculate q(m).
-2
Let o(m) = -m**3 - 4*m**2 + 12*m - 2. Suppose -12 = -6*q - 48. Give o(q).
-2
Let v(m) = 32*m - 11. Let c(z) = -29*z + 9. Let w(y) = -6*c(y) - 5*v(y). What is w(1)?
15
Let h be (-12)/36 + (-5)/3. Let b be 0 - (-3 - h) - -4. Suppose -b*a + 8 = -3*a. Let w(o) = -o**2 + 2*o + 3. What is w(a)?
-5
Let s(x) = x - 4. Let m be 4/(-14) - 774/(-63). Suppose p - 14 + m = 0. Suppose -z - 4*c - p = -18, -4*z = -5*c + 41. What is s(z)?
-8
Let g(j) = -3*j - 13. Let m be g(-4). Let l(a) = a**2 + 4*a**2 + 0*a**2 - a. Let p be l(m). Let